e v(-1).
12
Let t(j) = -j + 7. Let x be t(5). Suppose s + 13 = -6*v + 3*v, -3*v = x*s + 11. Let w(l) = -l**3 + l**2 - 2. Determine w(s).
-6
Let u = -25 - -30. Suppose 0 = -3*r + u*r - 12. Let w = 1 - r. Let b(d) = d**3 + 5*d**2 + d - 2. Calculate b(w).
-7
Let h(r) be the third derivative of -r**4/8 - r**3/3 - 2*r**2. Suppose 3*k = 4*j - 24, 0 = 2*j - j - 3*k - 15. Calculate h(j).
-11
Let d(i) = -4*i**3 - 13*i**2 + 16*i - 17. Let g(v) = -5*v**3 - 14*v**2 + 17*v - 17. Let m(a) = -6*d(a) + 5*g(a). What is m(7)?
-11
Let r(g) be the second derivative of g**4/6 + g**3/2 - 2*g + 12. What is r(-3)?
9
Let f be 8 + -6 + -14 + 0 + 3. Let b(x) = x + 11. Give b(f).
2
Suppose -53*x + 57*x = 36. Let p(m) = m**3 - 10*m**2 + 7*m - 7. Determine p(x).
-25
Suppose 7*z + 50 = 12*z. Let v(s) = -z*s - 1 + 1 + 7*s. Give v(-5).
15
Let j(z) be the second derivative of -z**3/6 - z**2 - z. Let c(u) = 3*u + 23. Let b = -97 + 91. Let i be c(b). Determine j(i).
-7
Let u(f) = 3*f**2 - 4*f. Let a(y) = -8*y**2 + 13*y - 1. Let h(l) = 4*a(l) + 11*u(l). Suppose -2*m - 4*n - 20 = 0, 5*m + 2*n = 8*m + 14. Give h(m).
-16
Let g(k) be the second derivative of k**3/6 + 11*k**2 + 2*k - 6. Calculate g(0).
22
Let i(f) be the first derivative of 2*f**3/3 + f**2/2 - f + 1. Let j = 30 - 29. Let q be j/(-24)*-4*6. Determine i(q).
2
Let n(h) = h**3 - 10. Suppose 3*r = -4*d - 78, 2*r + 3*d - 10 + 63 = 0. Let s be 6/(-4) + (-33)/r. What is n(s)?
-10
Suppose 0 = 6*f - 7*f + 34. Suppose 6 = 5*s - f. Let j = s - 4. Let v(h) = h**2 - 5*h + 5. Determine v(j).
1
Let c(q) = -q**3 + q**2 + q. Suppose 5*j - k = -3*k + 17, -2*k + 12 = 4*j. Suppose 5*n = -d - j, 25 = -3*d - 2*d. Determine c(n).
0
Let z(s) be the first derivative of s**4/4 + 4*s**3/3 - 4*s**2 + 4*s - 19. Give z(-6).
-20
Suppose n - 3*n - 6 = 0. Let c(u) be the third derivative of -6*u**2 + 1/6*u**4 - 1/6*u**3 + 1/120*u**6 + 0 + 0*u + 1/12*u**5. Calculate c(n).
5
Let p(d) be the first derivative of -d**4 - 2*d**3 + 3*d**2 - 7*d - 18. Let v(m) = -m**3 + 1. Let y(q) = -p(q) + 3*v(q). What is y(-7)?
3
Suppose 78*l = 82*l - 4*v - 48, -l - 12 = 5*v. Let y(f) = f + 25. Determine y(l).
33
Let n(y) = y**3 - 5*y**2 - 3*y - 1. Suppose -316 = 6*j - 340. Calculate n(j).
-29
Let z(u) = -10*u**3 + 18*u**2 + 25*u + 79. Let a(x) = 3*x**3 - 6*x**2 - 8*x - 24. Let k(i) = 7*a(i) + 2*z(i). Suppose 11 = -3*o + 32. Give k(o).
-3
Let f = 107 + -92. Let r(y) = 6*y - 4*y**2 + f - 8 + 3*y**2. Calculate r(7).
0
Let b = 13 - 2. Let y(t) = b - t - 21 + 16. Let c = -12 + 17. Calculate y(c).
1
Let g = -7 - -9. Let o be 20/(-6)*(-12)/10. Let p(i) = -3*i - i**2 - 2*i**2 + o - 3*i**g + 3*i**2. Determine p(-3).
-14
Let q(v) = -9 + 2*v + 1 + 14. Give q(0).
6
Let t(a) = -a + 11. Let z(l) = -2*l + 23. Let p(v) = 7*t(v) - 3*z(v). Calculate p(15).
-7
Let a(n) = -n**3 + 6*n**2 - 3*n + 4. Suppose -8*k - 165 = -41*k. What is a(k)?
14
Let c be 4/6*(-12)/(-4). Suppose -3*m + n + 24 = -4, -4*n = -4*m + 48. Let w(o) = -o**2 + m*o - 8*o. Determine w(c).
-4
Let n(v) = -v - 8. Let d = 9 + -5. Let q = 4 + d. Let l be (q/(-10))/(1/5). What is n(l)?
-4
Let i be 6/10 + 13*(-1)/5. Let z be (-5)/i*(5 + 126/(-30)). Let r(p) = 3 + 0*p - 1 - p. What is r(z)?
0
Let q(t) = t**3 + 6*t**2 - 6. Let w(a) = -57 - 5*a**2 + 4*a**2 + 90 + 10*a. Let f be w(13). What is q(f)?
-6
Let m(c) = -17*c + 42 + 2*c**3 + 16*c - c**3 + c**2. Determine m(0).
42
Let u(w) = 4*w. Let k(j) be the first derivative of -j**2/2 - 4. Let m(v) = -5*k(v) - u(v). Give m(5).
5
Let l(i) = -i**3 - 12*i**2 + 15*i + 18. Let z(k) = -k**3 - 3*k**2 + 20*k - 1. Let h be z(-6). What is l(h)?
-8
Suppose -5*b + 15 = -2*i, 0*i = i. Let m(n) = -n + 3*n + 0 - b*n - 4. Suppose -5*s = -10*s. Give m(s).
-4
Suppose -2*y + 3*y + 4*j + 23 = 0, -5*j = 4*y + 37. Let g be (-3 - y)/((-1)/(-1)). Let z(l) = 0*l + 0 - l + 0*l - 6. Calculate z(g).
-6
Suppose -4*i + 7*i = 15. Let f(w) be the first derivative of -w + 1/3*w**3 - 5/2*w**2 + 19. Calculate f(i).
-1
Let p(n) = 2*n**3 - 11*n**2 + 11*n - 24. Let f(u) = -u**3 + 6*u**2 - 5*u + 12. Let m(b) = -9*f(b) - 4*p(b). Calculate m(10).
-2
Let u(a) = a**2 + 7*a. Let x be u(-6). Let v(b) = -b**2 + 6*b**2 - 38*b**3 - 5*b + 39*b**3. Calculate v(x).
-6
Let a be (-2)/(1/(-2) - 0). Let j(i) = -i**2 + 5*i - 10. Let y be j(a). Let v(o) = -2*o + 1. Determine v(y).
13
Let n(b) = -15*b - 392. Let r be n(-26). Let c(x) = 16*x**2 - 2. What is c(r)?
62
Let l(n) = -n**3 - 5*n**2 + 7*n + 6. Let y be l(-6). Let w(m) = m**3 + m**2 - m. Let z(b) = -5*b**3 - 7*b**2 + 6*b - 6. Let p(g) = -6*w(g) - z(g). What is p(y)?
6
Let v(p) = -2*p - 13. Let d be (2/4)/(25/(-550)). What is v(d)?
9
Suppose 8*y + 3 = 19. Suppose y*l + 10 = 2*z, 2*l = -4 - 2. Let u(j) = -2*j**2 + 2*j + 1. Calculate u(z).
-3
Let h(k) = 2*k**2 + 3*k - 4. Let v = -171 - -167. Calculate h(v).
16
Let f(i) = -i**3 + 1. Let z(d) = 4*d**3 + 7*d**2 - 6*d + 7. Let x(g) = -3*f(g) - z(g). Let h be 12/((42/4)/(-7)). Determine x(h).
6
Let s(d) be the third derivative of -d**5/60 + d**4/3 + 4*d**3/3 + 62*d**2. Determine s(9).
-1
Let z(f) be the first derivative of 34 - 1/3*f**3 + f - 1/2*f**2. What is z(-2)?
-1
Let j(a) = a**2 + 3*a - 6. Let n be j(-5). Let b(p) = 9*p + p - 4*p - n*p. What is b(3)?
6
Let j(g) = 6*g + 1 - 34*g + 23*g. What is j(2)?
-9
Let u(h) = -18*h + 68. Let q be u(4). Let f(d) = -d**2 - 3*d + 1. Determine f(q).
-3
Let j(b) be the first derivative of -b**4/4 + 4*b**3/3 + 2*b**2 + 3*b - 65. Give j(5).
-2
Let m(s) be the second derivative of -s**4/12 + 11*s**3/6 - 15*s**2/2 + 3*s - 73. What is m(6)?
15
Suppose -30 = -7*x + 2*x - 5*q, -2*x - 3*q + 11 = 0. Let y(g) = -g + 7. Let b(a) = a - 7. Let l(h) = -5*b(h) - 4*y(h). Determine l(x).
0
Let t(l) = -l - 2. Let p be t(-2). Suppose 4*a - a = p. Let c(d) = 4*d**2 + 0*d**2 + a*d + 0*d + d. Give c(1).
5
Suppose 4*r = -0*r + 8. Let v be (-5)/((-4)/(-2 - -6)). Let k(u) = -u + v*u - 3*u - 7*u**2 - 5*u**r. Determine k(-1).
-13
Let i(j) = -j**2 - 24*j + 10. Let x(f) = -f**2 - 22*f + 10. Let m(r) = -5*i(r) + 6*x(r). Give m(-12).
10
Let m(g) be the second derivative of -g**3/6 - 3*g**2/2 - g + 13. Suppose -j = -0*o + 5*o + 44, 5*o - 4*j + 24 = 0. Determine m(o).
5
Let a(p) be the second derivative of 1/20*p**5 - 1/2*p**2 + 1/3*p**3 - 9*p + 0 - 1/4*p**4. Let m = -1 + 3. Calculate a(m).
-1
Let j(s) be the third derivative of -s**5/60 - s**4/24 - 5*s**3/6 + 197*s**2 + s. What is j(2)?
-11
Let c be ((-21)/14 + 1)*-8. Let l(k) = -k**3 + 3*k**2 + 6*k - 3. What is l(c)?
5
Let h(r) = -r**2 + 14*r - 30. Suppose -q + 6*q - 5*y - 55 = 0, 0 = 5*q + 4*y - 64. Calculate h(q).
-6
Let g(w) = -2*w**2 + 11*w + 10. Let o(x) = 3*x**2 - 21*x - 19. Let l(c) = 5*g(c) + 3*o(c). Give l(-8).
-7
Let v be (-31 - -30)/(-1 + 2)*0. Let f(x) = -x**2. Give f(v).
0
Let p(z) be the third derivative of -z**4/3 - z**3 + 760*z**2. Calculate p(6).
-54
Let k(f) = 1 + 0 - f**2 - 6 + 6*f. Let r be k(5). Suppose -g - h = r, -g = -6*g + 3*h - 8. Let i(z) = z**2 + 2*z + 1. Calculate i(g).
0
Let o(u) = 6*u**2 + 1. Let n = -5 + 3. Let v be o(n). Suppose -2*a - 3*a - v = 0. Let m(c) = -c**3 - 4*c**2 + 4*c - 1. Give m(a).
4
Let l(a) be the second derivative of 5*a**4/4 + 7*a**3/6 + a**2 + a + 4. What is l(-1)?
10
Let t(l) = l**3 - 7*l**2 + 6*l + 1. Let y = 9 - 5. Suppose -y*a + 8 = 4*b, 5*b = 9 + 6. Let p be 105/18 + a/(-6). What is t(p)?
1
Let y(i) be the second derivative of i**5/20 - i**4/4 + i**3/2 + i**2/2 + 66*i - 1. Determine y(3).
10
Let t = -572 + 578. Let d be ((-8)/(-12))/(1/3). Let s(h) = -2 + 5*h + h**3 - 2*h**d + 2*h - 5*h**2. Calculate s(t).
4
Let n(g) = -g**2 + 8*g - 7. Let k be 1 - 0 - (10 - 0). Let o be (-2)/9 - 56/k. Let i = o - 1. What is n(i)?
8
Let f(q) = q**2 - 11*q - 3. Let p(w) = w**2 - 20*w - 33. Let i be p(22). Calculate f(i).
-3
Let c(p) = p**2 - 9. Let s(x) = -x**2 + 8. Let v(r) = 3*c(r) + 4*s(r). Calculate v(-5).
-20
Let d(c) = -2 + 3*c**2 + 3 + 3 + 3*c - 4*c**2. Suppose 5*w + o = 24, 5*w + 3*o = -5 + 37. What is d(w)?
0
Let a(h) = 9*h - 2*h + 6 + h**2 - 2*h**2 + 2*h**2. Let c be a(-7). Let f(v) = 6*v - 3*v + v - 2*v + c. Give f(-4).
-2
Let m(w) = w**3 - w**2 - 3*w + 4. Let g = 687 + -686. What is m(g)?
1
Let x(s) = 2*s**2 - 7*s + 4. Let h be (((-75)/(-3))/5)/1. Suppose -3*r = -4*c + r + 32, h*c - 12 = -2*r. What is x(c)?
8
Let h(g) = -3*g + 1. L